{"id":252,"date":"2026-03-03T13:32:59","date_gmt":"2026-03-03T13:32:59","guid":{"rendered":"https:\/\/alomtabor.hu\/?page_id=252"},"modified":"2026-04-06T15:43:48","modified_gmt":"2026-04-06T15:43:48","slug":"taboraink","status":"publish","type":"page","link":"https:\/\/alomtabor.hu\/?page_id=252","title":{"rendered":"T\u00e1boraink"},"content":{"rendered":"\t\t<div data-elementor-type=\"wp-page\" data-elementor-id=\"252\" class=\"elementor elementor-252\" data-elementor-post-type=\"page\">\n\t\t\t\t<div class=\"elementor-element elementor-element-35aae6b e-con-full e-flex e-con e-parent\" data-id=\"35aae6b\" data-element_type=\"container\" data-e-type=\"container\">\n\t\t\t\t<div class=\"elementor-element elementor-element-3ce4be2 elementor--h-position-center elementor--v-position-middle elementor-arrows-position-inside elementor-pagination-position-inside elementor-widget elementor-widget-slides\" data-id=\"3ce4be2\" data-element_type=\"widget\" data-e-type=\"widget\" data-settings=\"{&quot;navigation&quot;:&quot;both&quot;,&quot;autoplay&quot;:&quot;yes&quot;,&quot;pause_on_hover&quot;:&quot;yes&quot;,&quot;pause_on_interaction&quot;:&quot;yes&quot;,&quot;autoplay_speed&quot;:5000,&quot;infinite&quot;:&quot;yes&quot;,&quot;transition&quot;:&quot;slide&quot;,&quot;transition_speed&quot;:500}\" data-widget_type=\"slides.default\">\n\t\t\t\t\t\t\t\t\t\t<div class=\"elementor-slides-wrapper elementor-main-swiper swiper\" role=\"region\" aria-roledescription=\"carousel\" aria-label=\"Slides\" dir=\"ltr\" data-animation=\"fadeInUp\">\n\t\t\t\t<div class=\"swiper-wrapper elementor-slides\">\n\t\t\t\t\t\t\t\t\t\t<div class=\"elementor-repeater-item-9ab1f70 swiper-slide\" role=\"group\" aria-roledescription=\"slide\"><div class=\"swiper-slide-bg elementor-ken-burns elementor-ken-burns--in\" role=\"img\" aria-label=\"bali-tneger-naplemente\"><\/div><div class=\"elementor-background-overlay\"><\/div><a class=\"swiper-slide-inner\" href=\"https:\/\/alomtabor.hu\/?page_id=362\"><div class=\"swiper-slide-contents\"><div class=\"elementor-slide-heading\">T\u00e1bor 1.<\/div><div class=\"elementor-slide-description\">Lorem ipsum dolor sit amet, consectetur adipiscing elit. Nulla euismod in neque aliquam porttitor. <\/div><div  class=\"elementor-button elementor-slide-button elementor-size-sm\">Ez \u00e9rdekel<\/div><\/div><\/a><\/div><div class=\"elementor-repeater-item-8a150ca swiper-slide\" role=\"group\" aria-roledescription=\"slide\"><div class=\"swiper-slide-bg elementor-ken-burns elementor-ken-burns--in\" role=\"img\" aria-label=\"bali-tenger-naplemente\"><\/div><div class=\"elementor-background-overlay\"><\/div><a class=\"swiper-slide-inner\" href=\"#\"><div class=\"swiper-slide-contents\"><div class=\"elementor-slide-heading\">T\u00e1bor 2.<\/div><div class=\"elementor-slide-description\">Lorem ipsum dolor sit amet, consectetur adipiscing elit. Nulla euismod in neque aliquam porttitor. <\/div><div  class=\"elementor-button elementor-slide-button elementor-size-sm\">Ez \u00e9rdekel<\/div><\/div><\/a><\/div><div class=\"elementor-repeater-item-40e3993 swiper-slide\" role=\"group\" aria-roledescription=\"slide\"><div class=\"swiper-slide-bg elementor-ken-burns elementor-ken-burns--in\" role=\"img\" aria-label=\"bali-tenger-naplemente\"><\/div><div class=\"elementor-background-overlay\"><\/div><a class=\"swiper-slide-inner\" href=\"#erika\"><div class=\"swiper-slide-contents\"><div class=\"elementor-slide-heading\">T\u00e1bor 3.<\/div><div class=\"elementor-slide-description\">Lorem ipsum dolor sit amet, consectetur adipiscing elit. Nulla euismod in neque aliquam porttitor. <\/div><div  class=\"elementor-button elementor-slide-button elementor-size-sm\">Ez \u00e9rdekel<\/div><\/div><\/a><\/div>\t\t\t\t<\/div>\n\t\t\t\t\t\t\t\t\t\t\t\t\t\t\t<div class=\"elementor-swiper-button elementor-swiper-button-prev\" role=\"button\" tabindex=\"0\" aria-label=\"Previous slide\">\n\t\t\t\t\t\t\t<svg aria-hidden=\"true\" class=\"e-font-icon-svg e-eicon-chevron-left\" viewBox=\"0 0 1000 1000\" xmlns=\"http:\/\/www.w3.org\/2000\/svg\"><path d=\"M646 125C629 125 613 133 604 142L308 442C296 454 292 471 292 487 292 504 296 521 308 533L604 854C617 867 629 875 646 875 663 875 679 871 692 858 704 846 713 829 713 812 713 796 708 779 692 767L438 487 692 225C700 217 708 204 708 187 708 171 704 154 692 142 675 129 663 125 646 125Z\"><\/path><\/svg>\t\t\t\t\t\t<\/div>\n\t\t\t\t\t\t<div class=\"elementor-swiper-button elementor-swiper-button-next\" role=\"button\" tabindex=\"0\" aria-label=\"Next slide\">\n\t\t\t\t\t\t\t<svg aria-hidden=\"true\" class=\"e-font-icon-svg e-eicon-chevron-right\" viewBox=\"0 0 1000 1000\" xmlns=\"http:\/\/www.w3.org\/2000\/svg\"><path d=\"M696 533C708 521 713 504 713 487 713 471 708 454 696 446L400 146C388 133 375 125 354 125 338 125 325 129 313 142 300 154 292 171 292 187 292 204 296 221 308 233L563 492 304 771C292 783 288 800 288 817 288 833 296 850 308 863 321 871 338 875 354 875 371 875 388 867 400 854L696 533Z\"><\/path><\/svg>\t\t\t\t\t\t<\/div>\n\t\t\t\t\t\t\t\t\t\t\t\t\t\t\t\t<div class=\"swiper-pagination\"><\/div>\n\t\t\t\t\t\t\t\t\t\t\t\t<\/div>\n\t\t\t\t\t\t\t\t<\/div>\n\t\t\t\t<\/div>\n\t\t<div class=\"elementor-element elementor-element-85879ed e-flex e-con-boxed e-con e-parent\" data-id=\"85879ed\" data-element_type=\"container\" data-e-type=\"container\" data-settings=\"{&quot;background_background&quot;:&quot;classic&quot;}\">\n\t\t\t\t\t<div class=\"e-con-inner\">\n\t\t<div class=\"elementor-element elementor-element-858c5c0 e-con-full e-flex e-con e-child\" data-id=\"858c5c0\" data-element_type=\"container\" data-e-type=\"container\">\n\t\t\t\t<div class=\"elementor-element elementor-element-2008314 elementor-widget elementor-widget-heading\" data-id=\"2008314\" data-element_type=\"widget\" data-e-type=\"widget\" data-widget_type=\"heading.default\">\n\t\t\t\t\t<h2 class=\"elementor-heading-title elementor-size-default\">Az \u00c1lomt\u00e1bor sz\u00edve\n<\/h2>\t\t\t\t<\/div>\n\t\t\t\t<div class=\"elementor-element elementor-element-9670276 elementor-widget elementor-widget-text-editor\" data-id=\"9670276\" data-element_type=\"widget\" data-e-type=\"widget\" data-widget_type=\"text-editor.default\">\n\t\t\t\t\t\t\t\t\t<h6>\u2765 <em>Szerint\u00fcnk v\u00e1ltoz\u00e1s csak akkor t\u00f6rt\u00e9nik, ha mindh\u00e1rom szintre (test-l\u00e9lek-szellem) figyel\u00fcnk egyszerre.<\/em><\/h6>\t\t\t\t\t\t\t\t<\/div>\n\t\t\t\t<div class=\"elementor-element elementor-element-8f5e4f2 elementor-widget elementor-widget-text-editor\" data-id=\"8f5e4f2\" data-element_type=\"widget\" data-e-type=\"widget\" data-widget_type=\"text-editor.default\">\n\t\t\t\t\t\t\t\t\t<p><span style=\"font-weight: 400;\">Az \u00c1lomt\u00e1bor az\u00e9rt sz\u00fcletett, mert l\u00e1ttuk, mennyien \u00e9lnek t\u00fal\u00e9l\u0151 \u00fczemm\u00f3dban. Mennyien pr\u00f3b\u00e1lnak megfelelni az \u00e9ppen aktu\u00e1lis \u00e9tkez\u00e9si kult\u00far\u00e1nak. Mennyien keresik a \u201ehelyes\u201d mozg\u00e1sform\u00e1t.\u00a0<\/span><\/p><p>Er\u0151sen tartj\u00e1k magukat, fegyelmezetten haladnak, m\u00e9g mosolyognak is, mik\u00f6zben csendben elf\u00e1radnak, \u00e9s legbel\u00fcl, eg\u00e9szen m\u00e9lyen\u2026 lassan elvesznek.<\/p><p><span style=\"font-weight: 400;\">Hissz\u00fck, <\/span><span style=\"font-weight: 400;\">hogy ha valaki biztons\u00e1gban \u00e9rzi mag\u00e1t, akkor mag\u00e1t\u00f3l kezd el v\u00e1ltozni. Ez a mi k\u00f6z\u00f6s k\u00fcldet\u00e9s\u00fcnk.<\/span><\/p>\t\t\t\t\t\t\t\t<\/div>\n\t\t\t\t<\/div>\n\t\t<div class=\"elementor-element elementor-element-954fafc e-con-full e-flex e-con e-child\" data-id=\"954fafc\" data-element_type=\"container\" data-e-type=\"container\">\n\t\t\t\t<\/div>\n\t\t\t\t\t<\/div>\n\t\t\t\t<\/div>\n\t\t<div class=\"elementor-element elementor-element-830c975 e-flex e-con-boxed e-con e-parent\" data-id=\"830c975\" data-element_type=\"container\" data-e-type=\"container\" data-settings=\"{&quot;background_background&quot;:&quot;classic&quot;}\">\n\t\t\t\t\t<div class=\"e-con-inner\">\n\t\t\t\t<div class=\"elementor-element elementor-element-3ed9a08 elementor-widget__width-initial elementor-widget elementor-widget-menu-anchor\" data-id=\"3ed9a08\" data-element_type=\"widget\" data-e-type=\"widget\" data-widget_type=\"menu-anchor.default\">\n\t\t\t\t\t\t\t<div class=\"elementor-menu-anchor\" id=\"marica\"><\/div>\n\t\t\t\t\t\t<\/div>\n\t\t\t\t<div class=\"elementor-element elementor-element-0d3c5a2 elementor-widget__width-initial elementor-widget-tablet__width-inherit elementor-widget elementor-widget-image\" data-id=\"0d3c5a2\" data-element_type=\"widget\" data-e-type=\"widget\" data-widget_type=\"image.default\">\n\t\t\t\t\t\t\t\t\t\t\t\t\t\t\t<img fetchpriority=\"high\" decoding=\"async\" width=\"1707\" height=\"2560\" src=\"https:\/\/alomtabor.hu\/wp-content\/uploads\/2026\/03\/DSC07775-scaled.jpg\" class=\"attachment-full size-full wp-image-293\" alt=\"T\u00e1boraink: az \u00c1lomt\u00e1bor h\u00e1rom alap\u00edt\u00f3ja: Ternyei-L\u00e1szl\u00f3 Vivien, Fej\u00e9rv\u00e1ri MArica \u00e9s NAgy Erika\" srcset=\"https:\/\/alomtabor.hu\/wp-content\/uploads\/2026\/03\/DSC07775-scaled.jpg 1707w, https:\/\/alomtabor.hu\/wp-content\/uploads\/2026\/03\/DSC07775-200x300.jpg 200w, https:\/\/alomtabor.hu\/wp-content\/uploads\/2026\/03\/DSC07775-683x1024.jpg 683w, https:\/\/alomtabor.hu\/wp-content\/uploads\/2026\/03\/DSC07775-768x1152.jpg 768w, https:\/\/alomtabor.hu\/wp-content\/uploads\/2026\/03\/DSC07775-1024x1536.jpg 1024w, https:\/\/alomtabor.hu\/wp-content\/uploads\/2026\/03\/DSC07775-1365x2048.jpg 1365w\" sizes=\"(max-width: 1707px) 100vw, 1707px\" \/>\t\t\t\t\t\t\t\t\t\t\t\t\t\t\t<\/div>\n\t\t<div class=\"elementor-element elementor-element-8c1efae e-con-full e-flex e-con e-child\" data-id=\"8c1efae\" data-element_type=\"container\" data-e-type=\"container\">\n\t\t\t\t<div class=\"elementor-element elementor-element-6ee1dfa elementor-widget elementor-widget-heading\" data-id=\"6ee1dfa\" data-element_type=\"widget\" data-e-type=\"widget\" data-widget_type=\"heading.default\">\n\t\t\t\t\t<h2 class=\"elementor-heading-title elementor-size-default\">H\u00e1rman \u00e1lmodtuk meg ezt a kis bubor\u00e9kot.\n<\/h2>\t\t\t\t<\/div>\n\t\t\t\t<div class=\"elementor-element elementor-element-5393e60 elementor-widget elementor-widget-text-editor\" data-id=\"5393e60\" data-element_type=\"widget\" data-e-type=\"widget\" data-widget_type=\"text-editor.default\">\n\t\t\t\t\t\t\t\t\t<p><span style=\"font-weight: 400;\">Ercsi, a gy\u00f3gytorn\u00e1szunk, <\/span><span style=\"font-weight: 400;\">aki a test\u00fcnk \u00fczeneteit ford\u00edtja le nek\u00fcnk, seg\u00edt kialak\u00edtani egy j\u00f3 kapcsolatot a mozg\u00e1ssal.<\/span><\/p><p>Vivi, a receptfejleszt\u0151nk, aki a t\u00e1pl\u00e1lkoz\u00e1st az egyik leger\u0151sebb kapcsol\u00f3d\u00e1si pontk\u00e9nt kezeli. Hisz abban, hogy j\u00f3l \u00a0f\u0151zni b\u00e1rki tud, csak kell egyetlen ember, aki ezt el\u0151sz\u00f6r elhiszi neked.<\/p><p><span style=\"font-weight: 400;\">Marica, a pszichol\u00f3gusunk, aki elvezet az \u00f6nismerethez, a tudatoss\u00e1ghoz \u00e9s a bels\u0151 gyermekedhez. Aki pontosan l\u00e1tni fog t\u00e9ged, \u00e9s nem hagy egyed\u00fcl abban sem, amit k\u00f6nny\u0171 kimondani, \u00e9s abban sem, amit neh\u00e9z.\u00a0 Akkor sem, amikor te m\u00e1r legsz\u00edvesebben elker\u00fcl\u0151 strat\u00e9gi\u00e1t folytatn\u00e1l. <\/span><span style=\"font-weight: 400;\">\u00a0<\/span><span style=\"font-weight: 400;\">Nem hisz a klasszikus, t\u00e1vols\u00e1gtart\u00f3 pszichol\u00f3gus szerepben. <\/span><span style=\"font-weight: 400;\">Neki az sz\u00e1m\u00edt, ami t\u00e9nyleg t\u00f6rt\u00e9nik k\u00f6ztetek.\u00a0 <\/span><\/p><p>K\u00f6z\u00f6s szeml\u00e9let\u00fcnk alapja a holisztikus figyelem.\u00a0<\/p><p><span style=\"font-weight: 400;\">Valljuk, hogy az igazi pihen\u00e9s nem csup\u00e1n fizikai kikapcsol\u00f3d\u00e1s. Akkor t\u00f6rt\u00e9nik meg, amikor mind a test, mind az elme megk\u00f6nnyebb\u00fcl \u00e9s<\/span>\u00a0<span style=\"font-weight: 400;\">a l\u00e9lek is utol\u00e9ri \u0151ket.<\/span><\/p>\t\t\t\t\t\t\t\t<\/div>\n\t\t\t\t<\/div>\n\t\t\t\t\t<\/div>\n\t\t\t\t<\/div>\n\t\t<div class=\"elementor-element elementor-element-e252652 e-flex e-con-boxed e-con e-parent\" data-id=\"e252652\" data-element_type=\"container\" data-e-type=\"container\" data-settings=\"{&quot;background_background&quot;:&quot;classic&quot;}\">\n\t\t\t\t\t<div class=\"e-con-inner\">\n\t\t<div class=\"elementor-element elementor-element-dfae123 e-con-full e-flex e-con e-child\" data-id=\"dfae123\" data-element_type=\"container\" data-e-type=\"container\">\n\t\t\t\t<div class=\"elementor-element elementor-element-e68c888 elementor-widget elementor-widget-heading\" data-id=\"e68c888\" data-element_type=\"widget\" data-e-type=\"widget\" data-widget_type=\"heading.default\">\n\t\t\t\t\t<h2 class=\"elementor-heading-title elementor-size-default\">T\u00e1bor le\u00edr\u00e1s<\/h2>\t\t\t\t<\/div>\n\t\t\t\t<div class=\"elementor-element elementor-element-34fef46 elementor-widget elementor-widget-text-editor\" data-id=\"34fef46\" data-element_type=\"widget\" data-e-type=\"widget\" data-widget_type=\"text-editor.default\">\n\t\t\t\t\t\t\t\t\t<p>Lorem ipsum dolor sit amet, consectetur adipiscing elit. Nam ut feugiat turpis, non fermentum augue. In in neque eleifend, scelerisque dolor non, feugiat ex. Vestibulum diam velit, ullamcorper sagittis ornare non, accumsan in elit. Praesent ligula erat, cursus vel libero in, dapibus scelerisque magna. Sed in erat eu lectus pellentesque consectetur quis ac justo. Quisque lobortis purus sem, a viverra tellus finibus id. Pellentesque lobortis molestie ultricies. Nulla accumsan orci vel eros vehicula, sed ornare elit pretium.<\/p>\t\t\t\t\t\t\t\t<\/div>\n\t\t\t\t<div class=\"elementor-element elementor-element-3f0373c elementor-align-start elementor-icon-list--layout-traditional elementor-list-item-link-full_width elementor-widget elementor-widget-icon-list\" data-id=\"3f0373c\" data-element_type=\"widget\" data-e-type=\"widget\" data-widget_type=\"icon-list.default\">\n\t\t\t\t\t\t\t<ul class=\"elementor-icon-list-items\">\n\t\t\t\t\t\t\t<li class=\"elementor-icon-list-item\">\n\t\t\t\t\t\t\t\t\t\t\t<span class=\"elementor-icon-list-icon\">\n\t\t\t\t\t\t\t<svg aria-hidden=\"true\" class=\"e-font-icon-svg e-far-calendar-alt\" viewBox=\"0 0 448 512\" xmlns=\"http:\/\/www.w3.org\/2000\/svg\"><path d=\"M148 288h-40c-6.6 0-12-5.4-12-12v-40c0-6.6 5.4-12 12-12h40c6.6 0 12 5.4 12 12v40c0 6.6-5.4 12-12 12zm108-12v-40c0-6.6-5.4-12-12-12h-40c-6.6 0-12 5.4-12 12v40c0 6.6 5.4 12 12 12h40c6.6 0 12-5.4 12-12zm96 0v-40c0-6.6-5.4-12-12-12h-40c-6.6 0-12 5.4-12 12v40c0 6.6 5.4 12 12 12h40c6.6 0 12-5.4 12-12zm-96 96v-40c0-6.6-5.4-12-12-12h-40c-6.6 0-12 5.4-12 12v40c0 6.6 5.4 12 12 12h40c6.6 0 12-5.4 12-12zm-96 0v-40c0-6.6-5.4-12-12-12h-40c-6.6 0-12 5.4-12 12v40c0 6.6 5.4 12 12 12h40c6.6 0 12-5.4 12-12zm192 0v-40c0-6.6-5.4-12-12-12h-40c-6.6 0-12 5.4-12 12v40c0 6.6 5.4 12 12 12h40c6.6 0 12-5.4 12-12zm96-260v352c0 26.5-21.5 48-48 48H48c-26.5 0-48-21.5-48-48V112c0-26.5 21.5-48 48-48h48V12c0-6.6 5.4-12 12-12h40c6.6 0 12 5.4 12 12v52h128V12c0-6.6 5.4-12 12-12h40c6.6 0 12 5.4 12 12v52h48c26.5 0 48 21.5 48 48zm-48 346V160H48v298c0 3.3 2.7 6 6 6h340c3.3 0 6-2.7 6-6z\"><\/path><\/svg>\t\t\t\t\t\t<\/span>\n\t\t\t\t\t\t\t\t\t\t<span class=\"elementor-icon-list-text\">d\u00e1tum<\/span>\n\t\t\t\t\t\t\t\t\t<\/li>\n\t\t\t\t\t\t\t\t<li class=\"elementor-icon-list-item\">\n\t\t\t\t\t\t\t\t\t\t\t<span class=\"elementor-icon-list-icon\">\n\t\t\t\t\t\t\t<svg aria-hidden=\"true\" class=\"e-font-icon-svg e-fas-map-marker-alt\" viewBox=\"0 0 384 512\" xmlns=\"http:\/\/www.w3.org\/2000\/svg\"><path d=\"M172.268 501.67C26.97 291.031 0 269.413 0 192 0 85.961 85.961 0 192 0s192 85.961 192 192c0 77.413-26.97 99.031-172.268 309.67-9.535 13.774-29.93 13.773-39.464 0zM192 272c44.183 0 80-35.817 80-80s-35.817-80-80-80-80 35.817-80 80 35.817 80 80 80z\"><\/path><\/svg>\t\t\t\t\t\t<\/span>\n\t\t\t\t\t\t\t\t\t\t<span class=\"elementor-icon-list-text\">helysz\u00edn<\/span>\n\t\t\t\t\t\t\t\t\t<\/li>\n\t\t\t\t\t\t\t\t<li class=\"elementor-icon-list-item\">\n\t\t\t\t\t\t\t\t\t\t\t<span class=\"elementor-icon-list-icon\">\n\t\t\t\t\t\t\t<svg aria-hidden=\"true\" class=\"e-font-icon-svg e-far-money-bill-alt\" viewBox=\"0 0 640 512\" xmlns=\"http:\/\/www.w3.org\/2000\/svg\"><path d=\"M320 144c-53.02 0-96 50.14-96 112 0 61.85 42.98 112 96 112 53 0 96-50.13 96-112 0-61.86-42.98-112-96-112zm40 168c0 4.42-3.58 8-8 8h-64c-4.42 0-8-3.58-8-8v-16c0-4.42 3.58-8 8-8h16v-55.44l-.47.31a7.992 7.992 0 0 1-11.09-2.22l-8.88-13.31a7.992 7.992 0 0 1 2.22-11.09l15.33-10.22a23.99 23.99 0 0 1 13.31-4.03H328c4.42 0 8 3.58 8 8v88h16c4.42 0 8 3.58 8 8v16zM608 64H32C14.33 64 0 78.33 0 96v320c0 17.67 14.33 32 32 32h576c17.67 0 32-14.33 32-32V96c0-17.67-14.33-32-32-32zm-16 272c-35.35 0-64 28.65-64 64H112c0-35.35-28.65-64-64-64V176c35.35 0 64-28.65 64-64h416c0 35.35 28.65 64 64 64v160z\"><\/path><\/svg>\t\t\t\t\t\t<\/span>\n\t\t\t\t\t\t\t\t\t\t<span class=\"elementor-icon-list-text\">\u00e1r<\/span>\n\t\t\t\t\t\t\t\t\t<\/li>\n\t\t\t\t\t\t<\/ul>\n\t\t\t\t\t\t<\/div>\n\t\t\t\t<div class=\"elementor-element elementor-element-cdcbf0b elementor-align-left elementor-widget elementor-widget-button\" data-id=\"cdcbf0b\" data-element_type=\"widget\" data-e-type=\"widget\" data-widget_type=\"button.default\">\n\t\t\t\t\t\t\t\t\t\t<a class=\"elementor-button elementor-size-sm\" role=\"button\">\n\t\t\t\t\t\t<span class=\"elementor-button-content-wrapper\">\n\t\t\t\t\t\t\t\t\t<span class=\"elementor-button-text\">Megn\u00e9zem a r\u00e9szleteket<\/span>\n\t\t\t\t\t<\/span>\n\t\t\t\t\t<\/a>\n\t\t\t\t\t\t\t\t<\/div>\n\t\t\t\t<\/div>\n\t\t\t\t<div class=\"elementor-element elementor-element-90bf60b elementor-widget__width-initial elementor-widget-tablet__width-inherit elementor-widget elementor-widget-image\" data-id=\"90bf60b\" data-element_type=\"widget\" data-e-type=\"widget\" data-widget_type=\"image.default\">\n\t\t\t\t\t\t\t\t\t\t\t\t\t\t\t<img decoding=\"async\" width=\"810\" height=\"1013\" src=\"https:\/\/alomtabor.hu\/wp-content\/uploads\/2026\/03\/Rezeda-allo29.png\" class=\"attachment-full size-full wp-image-414\" alt=\"Bali medence \u00e9s tenger, naplemente, nyugalom\" srcset=\"https:\/\/alomtabor.hu\/wp-content\/uploads\/2026\/03\/Rezeda-allo29.png 810w, https:\/\/alomtabor.hu\/wp-content\/uploads\/2026\/03\/Rezeda-allo29-240x300.png 240w, https:\/\/alomtabor.hu\/wp-content\/uploads\/2026\/03\/Rezeda-allo29-768x960.png 768w\" sizes=\"(max-width: 810px) 100vw, 810px\" \/>\t\t\t\t\t\t\t\t\t\t\t\t\t\t\t<\/div>\n\t\t\t\t\t<\/div>\n\t\t\t\t<\/div>\n\t\t\t\t<\/div>\n\t\t","protected":false},"excerpt":{"rendered":"<p>T\u00e1bor 1.Lorem ipsum dolor sit amet, consectetur adipiscing elit. Nulla euismod in neque aliquam porttitor. Ez \u00e9rdekelT\u00e1bor 2.Lorem ipsum dolor sit amet, consectetur adipiscing elit. Nulla euismod in neque aliquam porttitor. Ez \u00e9rdekelT\u00e1bor 3.Lorem ipsum dolor sit amet, consectetur adipiscing elit. Nulla euismod in neque aliquam porttitor. Ez \u00e9rdekel Az \u00c1lomt\u00e1bor sz\u00edve \u2765 Szerint\u00fcnk v\u00e1ltoz\u00e1s [&hellip;]<\/p>\n","protected":false},"author":1,"featured_media":293,"parent":0,"menu_order":0,"comment_status":"closed","ping_status":"closed","template":"","meta":{"footnotes":""},"class_list":["post-252","page","type-page","status-publish","has-post-thumbnail","hentry"],"yoast_head":"<!-- This site is optimized with the Yoast SEO plugin v27.3 - https:\/\/yoast.com\/product\/yoast-seo-wordpress\/ -->\n<title>T\u00e1boraink - \u00c1lomt\u00e1bor<\/title>\n<meta name=\"robots\" content=\"index, follow, max-snippet:-1, max-image-preview:large, max-video-preview:-1\" \/>\n<link rel=\"canonical\" href=\"https:\/\/alomtabor.hu\/?page_id=252\" \/>\n<meta property=\"og:locale\" content=\"hu_HU\" \/>\n<meta property=\"og:type\" content=\"article\" \/>\n<meta property=\"og:title\" content=\"T\u00e1boraink - \u00c1lomt\u00e1bor\" \/>\n<meta property=\"og:description\" content=\"T\u00e1bor 1.Lorem ipsum dolor sit amet, consectetur adipiscing elit. Nulla euismod in neque aliquam porttitor. Ez \u00e9rdekelT\u00e1bor 2.Lorem ipsum dolor sit amet, consectetur adipiscing elit. Nulla euismod in neque aliquam porttitor. Ez \u00e9rdekelT\u00e1bor 3.Lorem ipsum dolor sit amet, consectetur adipiscing elit. Nulla euismod in neque aliquam porttitor. Ez \u00e9rdekel Az \u00c1lomt\u00e1bor sz\u00edve \u2765 Szerint\u00fcnk v\u00e1ltoz\u00e1s [&hellip;]\" \/>\n<meta property=\"og:url\" content=\"https:\/\/alomtabor.hu\/?page_id=252\" \/>\n<meta property=\"og:site_name\" content=\"\u00c1lomt\u00e1bor\" \/>\n<meta property=\"article:modified_time\" content=\"2026-04-06T15:43:48+00:00\" \/>\n<meta property=\"og:image\" content=\"https:\/\/alomtabor.hu\/wp-content\/uploads\/2026\/03\/DSC07775-scaled.jpg\" \/>\n\t<meta property=\"og:image:width\" content=\"1707\" \/>\n\t<meta property=\"og:image:height\" content=\"2560\" \/>\n\t<meta property=\"og:image:type\" content=\"image\/jpeg\" \/>\n<meta name=\"twitter:card\" content=\"summary_large_image\" \/>\n<meta name=\"twitter:label1\" content=\"Becs\u00fclt olvas\u00e1si id\u0151\" \/>\n\t<meta name=\"twitter:data1\" content=\"3 perc\" \/>\n<script type=\"application\/ld+json\" class=\"yoast-schema-graph\">{\"@context\":\"https:\\\/\\\/schema.org\",\"@graph\":[{\"@type\":\"WebPage\",\"@id\":\"https:\\\/\\\/alomtabor.hu\\\/?page_id=252\",\"url\":\"https:\\\/\\\/alomtabor.hu\\\/?page_id=252\",\"name\":\"T\u00e1boraink - \u00c1lomt\u00e1bor\",\"isPartOf\":{\"@id\":\"https:\\\/\\\/alomtabor.hu\\\/#website\"},\"primaryImageOfPage\":{\"@id\":\"https:\\\/\\\/alomtabor.hu\\\/?page_id=252#primaryimage\"},\"image\":{\"@id\":\"https:\\\/\\\/alomtabor.hu\\\/?page_id=252#primaryimage\"},\"thumbnailUrl\":\"https:\\\/\\\/alomtabor.hu\\\/wp-content\\\/uploads\\\/2026\\\/03\\\/DSC07775-scaled.jpg\",\"datePublished\":\"2026-03-03T13:32:59+00:00\",\"dateModified\":\"2026-04-06T15:43:48+00:00\",\"breadcrumb\":{\"@id\":\"https:\\\/\\\/alomtabor.hu\\\/?page_id=252#breadcrumb\"},\"inLanguage\":\"hu\",\"potentialAction\":[{\"@type\":\"ReadAction\",\"target\":[\"https:\\\/\\\/alomtabor.hu\\\/?page_id=252\"]}]},{\"@type\":\"ImageObject\",\"inLanguage\":\"hu\",\"@id\":\"https:\\\/\\\/alomtabor.hu\\\/?page_id=252#primaryimage\",\"url\":\"https:\\\/\\\/alomtabor.hu\\\/wp-content\\\/uploads\\\/2026\\\/03\\\/DSC07775-scaled.jpg\",\"contentUrl\":\"https:\\\/\\\/alomtabor.hu\\\/wp-content\\\/uploads\\\/2026\\\/03\\\/DSC07775-scaled.jpg\",\"width\":1707,\"height\":2560,\"caption\":\"T\u00e1boraink: az \u00c1lomt\u00e1bor h\u00e1rom alap\u00edt\u00f3ja: Ternyei-L\u00e1szl\u00f3 Vivien, Fej\u00e9rv\u00e1ri MArica \u00e9s NAgy Erika\"},{\"@type\":\"BreadcrumbList\",\"@id\":\"https:\\\/\\\/alomtabor.hu\\\/?page_id=252#breadcrumb\",\"itemListElement\":[{\"@type\":\"ListItem\",\"position\":1,\"name\":\"Kezd\u0151lap\",\"item\":\"https:\\\/\\\/alomtabor.hu\\\/\"},{\"@type\":\"ListItem\",\"position\":2,\"name\":\"T\u00e1boraink\"}]},{\"@type\":\"WebSite\",\"@id\":\"https:\\\/\\\/alomtabor.hu\\\/#website\",\"url\":\"https:\\\/\\\/alomtabor.hu\\\/\",\"name\":\"\u00c1lomt\u00e1bor\",\"description\":\"kapcsolj ki a mindennapokb\u00f3l.\u00f6nmagad\u00e9rt.\",\"potentialAction\":[{\"@type\":\"SearchAction\",\"target\":{\"@type\":\"EntryPoint\",\"urlTemplate\":\"https:\\\/\\\/alomtabor.hu\\\/?s={search_term_string}\"},\"query-input\":{\"@type\":\"PropertyValueSpecification\",\"valueRequired\":true,\"valueName\":\"search_term_string\"}}],\"inLanguage\":\"hu\"}]}<\/script>\n<!-- \/ Yoast SEO plugin. -->","yoast_head_json":{"title":"T\u00e1boraink - \u00c1lomt\u00e1bor","robots":{"index":"index","follow":"follow","max-snippet":"max-snippet:-1","max-image-preview":"max-image-preview:large","max-video-preview":"max-video-preview:-1"},"canonical":"https:\/\/alomtabor.hu\/?page_id=252","og_locale":"hu_HU","og_type":"article","og_title":"T\u00e1boraink - \u00c1lomt\u00e1bor","og_description":"T\u00e1bor 1.Lorem ipsum dolor sit amet, consectetur adipiscing elit. Nulla euismod in neque aliquam porttitor. Ez \u00e9rdekelT\u00e1bor 2.Lorem ipsum dolor sit amet, consectetur adipiscing elit. Nulla euismod in neque aliquam porttitor. Ez \u00e9rdekelT\u00e1bor 3.Lorem ipsum dolor sit amet, consectetur adipiscing elit. Nulla euismod in neque aliquam porttitor. Ez \u00e9rdekel Az \u00c1lomt\u00e1bor sz\u00edve \u2765 Szerint\u00fcnk v\u00e1ltoz\u00e1s [&hellip;]","og_url":"https:\/\/alomtabor.hu\/?page_id=252","og_site_name":"\u00c1lomt\u00e1bor","article_modified_time":"2026-04-06T15:43:48+00:00","og_image":[{"width":1707,"height":2560,"url":"https:\/\/alomtabor.hu\/wp-content\/uploads\/2026\/03\/DSC07775-scaled.jpg","type":"image\/jpeg"}],"twitter_card":"summary_large_image","twitter_misc":{"Becs\u00fclt olvas\u00e1si id\u0151":"3 perc"},"schema":{"@context":"https:\/\/schema.org","@graph":[{"@type":"WebPage","@id":"https:\/\/alomtabor.hu\/?page_id=252","url":"https:\/\/alomtabor.hu\/?page_id=252","name":"T\u00e1boraink - \u00c1lomt\u00e1bor","isPartOf":{"@id":"https:\/\/alomtabor.hu\/#website"},"primaryImageOfPage":{"@id":"https:\/\/alomtabor.hu\/?page_id=252#primaryimage"},"image":{"@id":"https:\/\/alomtabor.hu\/?page_id=252#primaryimage"},"thumbnailUrl":"https:\/\/alomtabor.hu\/wp-content\/uploads\/2026\/03\/DSC07775-scaled.jpg","datePublished":"2026-03-03T13:32:59+00:00","dateModified":"2026-04-06T15:43:48+00:00","breadcrumb":{"@id":"https:\/\/alomtabor.hu\/?page_id=252#breadcrumb"},"inLanguage":"hu","potentialAction":[{"@type":"ReadAction","target":["https:\/\/alomtabor.hu\/?page_id=252"]}]},{"@type":"ImageObject","inLanguage":"hu","@id":"https:\/\/alomtabor.hu\/?page_id=252#primaryimage","url":"https:\/\/alomtabor.hu\/wp-content\/uploads\/2026\/03\/DSC07775-scaled.jpg","contentUrl":"https:\/\/alomtabor.hu\/wp-content\/uploads\/2026\/03\/DSC07775-scaled.jpg","width":1707,"height":2560,"caption":"T\u00e1boraink: az \u00c1lomt\u00e1bor h\u00e1rom alap\u00edt\u00f3ja: Ternyei-L\u00e1szl\u00f3 Vivien, Fej\u00e9rv\u00e1ri MArica \u00e9s NAgy Erika"},{"@type":"BreadcrumbList","@id":"https:\/\/alomtabor.hu\/?page_id=252#breadcrumb","itemListElement":[{"@type":"ListItem","position":1,"name":"Kezd\u0151lap","item":"https:\/\/alomtabor.hu\/"},{"@type":"ListItem","position":2,"name":"T\u00e1boraink"}]},{"@type":"WebSite","@id":"https:\/\/alomtabor.hu\/#website","url":"https:\/\/alomtabor.hu\/","name":"\u00c1lomt\u00e1bor","description":"kapcsolj ki a mindennapokb\u00f3l.\u00f6nmagad\u00e9rt.","potentialAction":[{"@type":"SearchAction","target":{"@type":"EntryPoint","urlTemplate":"https:\/\/alomtabor.hu\/?s={search_term_string}"},"query-input":{"@type":"PropertyValueSpecification","valueRequired":true,"valueName":"search_term_string"}}],"inLanguage":"hu"}]}},"_links":{"self":[{"href":"https:\/\/alomtabor.hu\/index.php?rest_route=\/wp\/v2\/pages\/252","targetHints":{"allow":["GET"]}}],"collection":[{"href":"https:\/\/alomtabor.hu\/index.php?rest_route=\/wp\/v2\/pages"}],"about":[{"href":"https:\/\/alomtabor.hu\/index.php?rest_route=\/wp\/v2\/types\/page"}],"author":[{"embeddable":true,"href":"https:\/\/alomtabor.hu\/index.php?rest_route=\/wp\/v2\/users\/1"}],"replies":[{"embeddable":true,"href":"https:\/\/alomtabor.hu\/index.php?rest_route=%2Fwp%2Fv2%2Fcomments&post=252"}],"version-history":[{"count":76,"href":"https:\/\/alomtabor.hu\/index.php?rest_route=\/wp\/v2\/pages\/252\/revisions"}],"predecessor-version":[{"id":735,"href":"https:\/\/alomtabor.hu\/index.php?rest_route=\/wp\/v2\/pages\/252\/revisions\/735"}],"wp:featuredmedia":[{"embeddable":true,"href":"https:\/\/alomtabor.hu\/index.php?rest_route=\/wp\/v2\/media\/293"}],"wp:attachment":[{"href":"https:\/\/alomtabor.hu\/index.php?rest_route=%2Fwp%2Fv2%2Fmedia&parent=252"}],"curies":[{"name":"wp","href":"https:\/\/api.w.org\/{rel}","templated":true}]}}